6 is divided by 151?
140
Calculate the remainder when 103 is divided by 46.
11
What is the remainder when 614 is divided by 197?
23
Calculate the remainder when 515 is divided by 37.
34
Calculate the remainder when 4223 is divided by 192.
191
What is the remainder when 2206 is divided by 441?
1
Calculate the remainder when 1502 is divided by 5.
2
Calculate the remainder when 115 is divided by 58.
57
Calculate the remainder when 531 is divided by 64.
19
Calculate the remainder when 118 is divided by 20.
18
What is the remainder when 178 is divided by 46?
40
What is the remainder when 2308 is divided by 35?
33
What is the remainder when 30 is divided by 8?
6
Calculate the remainder when 188 is divided by 13.
6
Calculate the remainder when 117 is divided by 46.
25
What is the remainder when 671 is divided by 42?
41
Calculate the remainder when 83 is divided by 78.
5
What is the remainder when 191 is divided by 94?
3
Calculate the remainder when 493 is divided by 280.
213
Calculate the remainder when 104 is divided by 78.
26
Calculate the remainder when 135 is divided by 11.
3
What is the remainder when 7334 is divided by 293?
9
What is the remainder when 6326 is divided by 37?
36
What is the remainder when 1839 is divided by 232?
215
Calculate the remainder when 258 is divided by 91.
76
What is the remainder when 8905 is divided by 19?
13
What is the remainder when 86 is divided by 18?
14
What is the remainder when 1713 is divided by 21?
12
Calculate the remainder when 321 is divided by 109.
103
Calculate the remainder when 1134 is divided by 46.
30
Calculate the remainder when 1758 is divided by 104.
94
What is the remainder when 134 is divided by 117?
17
Calculate the remainder when 2087 is divided by 24.
23
What is the remainder when 3400 is divided by 13?
7
What is the remainder when 197 is divided by 50?
47
Calculate the remainder when 1457 is divided by 18.
17
Calculate the remainder when 263 is divided by 12.
11
What is the remainder when 316 is divided by 43?
15
What is the remainder when 113 is divided by 43?
27
What is the remainder when 230 is divided by 47?
42
What is the remainder when 51 is divided by 14?
9
What is the remainder when 22 is divided by 8?
6
What is the remainder when 364 is divided by 98?
70
What is the remainder when 127 is divided by 42?
1
Calculate the remainder when 22 is divided by 15.
7
What is the remainder when 1539 is divided by 413?
300
Calculate the remainder when 1253 is divided by 298.
61
Calculate the remainder when 351 is divided by 27.
0
Calculate the remainder when 2051 is divided by 108.
107
Calculate the remainder when 76 is divided by 2.
0
What is the remainder when 84 is divided by 77?
7
What is the remainder when 7799 is divided by 78?
77
What is the remainder when 193 is divided by 24?
1
Calculate the remainder when 4736 is divided by 2367.
2
What is the remainder when 1232 is divided by 303?
20
Calculate the remainder when 455 is divided by 79.
60
Calculate the remainder when 6655 is divided by 16.
15
What is the remainder when 2263 is divided by 36?
31
What is the remainder when 54 is divided by 14?
12
What is the remainder when 1569 is divided by 17?
5
Calculate the remainder when 430 is divided by 16.
14
Calculate the remainder when 29993 is divided by 27.
23
Calculate the remainder when 259 is divided by 93.
73
What is the remainder when 211 is divided by 100?
11
What is the remainder when 75 is divided by 4?
3
What is the remainder when 847 is divided by 76?
11
Calculate the remainder when 1764 is divided by 577.
33
Calculate the remainder when 1950 is divided by 8.
6
What is the remainder when 131 is divided by 113?
18
What is the remainder when 62 is divided by 18?
8
What is the remainder when 94 is divided by 29?
7
What is the remainder when 575 is divided by 17?
14
Calculate the remainder when 232 is divided by 32.
8
What is the remainder when 272 is divided by 55?
52
Calculate the remainder when 1137 is divided by 564.
9
What is the remainder when 699 is divided by 203?
90
What is the remainder when 302 is divided by 38?
36
What is the remainder when 187 is divided by 47?
46
What is the remainder when 320 is divided by 7?
5
Calculate the remainder when 364 is divided by 23.
19
What is the remainder when 299 is divided by 39?
26
Calculate the remainder when 337 is divided by 49.
43
What is the remainder when 10682 is divided by 274?
270
What is the remainder when 1281 is divided by 108?
93
What is the remainder when 290 is divided by 2?
0
What is the remainder when 1257 is divided by 126?
123
Calculate the remainder when 63 is divided by 45.
18
What is the remainder when 276 is divided by 9?
6
Calculate the remainder when 48 is divided by 8.
0
What is the remainder when 693 is divided by 32?
21
Calculate the remainder when 1213 is divided by 50.
13
What is the remainder when 2234 is divided by 68?
58
What is the remainder when 1751 is divided by 215?
31
Calculate the remainder when 763 is divided by 122.
31
What is the remainder when 44 is divided by 28?
16
Calculate the remainder when 13028 is divided by 6514.
0
Calculate the remainder when 137 is divided by 51.
35
Calculate the remainder when 44 is divided by 12.
8
Calculate the remainder when 168 is divided by 45.
33
What is the remainder when 692 is divided by 15?
2
Calculate the remainder when 562 is divided by 127.
54
What is the remainder when 5583 is divided by 6?
3
What is the remainder when 9497 is divided by 35?
12
What is the remainder when 133 is divided by 131?
2
Calculate the remainder when 246 is divided by 120.
6
What is the remainder when 896 is divided by 36?
32
What is the remainder when 332 is divided by 48?
44
Calculate the remainder when 50 is divided by 27.
23
What is the remainder when 7210 is divided by 185?
180
Calculate the remainder when 8568 is divided by 1223.
7
Calculate the remainder when 248 is divided by 62.
0
What is the remainder when 20 is divided by 10?
0
What is the remainder when 805 is divided by 62?
61
Calculate the remainder when 14992 is divided by 153.
151
Calculate the remainder when 1394 is divided by 66.
8
Calculate the remainder when 58 is divided by 21.
16
Calculate the remainder when 145 is divided by 39.
28
Calculate the remainder when 2442 is divided by 15.
12
What is the remainder when 76 is divided by 44?
32
Calculate the remainder when 1484 is divided by 99.
98
What is the remainder when 20397 is divided by 85?
82
Calculate the remainder when 163 is divided by 141.
22
Calculate the remainder when 114 is divided by 43.
28
Calculate the remainder when 339 is divided by 88.
75
Calculate the remainder when 114 is divided by 24.
18
Calculate the remainder when 149 is divided by 35.
9
What is the remainder when 7829 is divided by 21?
17
What is the remainder when 961 is divided by 944?
17
What is the remainder when 3230 is divided by 101?
99
Calculate the remainder when 194 is divided by 42.
26
What is the remainder when 15 is divided by 14?
1
What is the remainder when 111 is divided by 25?
11
What is the remainder when 6274 is divided by 43?
39
Calculate the remainder when 161 is divided by 38.
9
Calculate the remainder when 618 is divided by 86.
16
Calculate the remainder when 14346 is divided by 24.
18
What is the remainder when 1425 is divided by 380?
285
What is the remainder when 408 is divided by 30?
18
Calculate the remainder when 318 is divided by 16.
14
What is the remainder when 1691 is divided by 1685?
6
What is the remainder when 94 is divided by 42?
10
What is the remainder when 3833 is divided by 142?
141
Calculate the remainder when 15 is divided by 5.
0
Calculate the remainder when 250 is divided by 86.
78
What is the remainder when 199 is divided by 17?
12
Calculate the remainder when 21 is divided by 18.
3
What is the remainder when 331 is divided by 56?
51
Calculate the remainder when 16123 is divided by 75.
73
What is the remainder when 2116 is divided by 18?
10
Calculate the remainder when 154 is divided by 23.
16
Calculate the remainder when 197 is divided by 37.
12
Calculate the remainder when 746 is divided by 63.
53
Calculate the remainder when 320 is divided by 47.
38
Calculate the remainder when 1101 is divided by 59.
39
Calculate the remainder when 23